 factors of m?
5
Suppose -2*g = 2*x - g + 12, 0 = 3*x + 5*g + 18. Let b = x - -25. What are the prime factors of b?
19
Let g = 35 + -27. Let y be (-1)/4 + (-19)/4. List the prime factors of -10*1/(y/g).
2
Let y be (-20)/(-14) + 8/14. What are the prime factors of 3/y*(1 + 5)?
3
Let j be 88*(45/6)/3. Suppose 2*t = -3*t + j. What are the prime factors of t?
2, 11
Let x be (198/(-15))/(2/(-5)). List the prime factors of (x/(-22))/(6/(-92)).
23
Let v(f) = -f**3 - 8*f**2 + 16*f. What are the prime factors of v(-11)?
11, 17
Suppose 5*v + 2*h - 6 = 0, 3*v - 2*h - 2 - 8 = 0. Let a be (-7)/(-4)*-2*v. Let k = -4 - a. What are the prime factors of k?
3
Let w(r) = -r**2 - 10*r - 2. Let q be w(-4). Suppose 0 = 3*i - i - q. List the prime factors of 0 + i + (-1 - 0).
2, 5
Let f be (1/(-3))/(1/(-6)). Let t = 5 - f. List the prime factors of 2 + -2 + 12 - t.
3
Let r(k) = -k**3 - k**2 - 12*k - 4. What are the prime factors of r(-6)?
2, 31
Let x(w) = w**3 + 10*w**2 + 7*w - 12. Suppose 2*s - 6 = 0, 0 = 2*m + 2*m - s + 23. Let b be 141/(-15) + (-2)/m. List the prime factors of x(b).
2, 3
Let q(m) = 2 - 3*m - 4 + 9*m. Let w be q(-6). Let n = -23 - w. List the prime factors of n.
3, 5
Suppose 0 = q + 3 - 2, 2*j = -4*q. Suppose -42 = -j*z - z. What are the prime factors of z?
2, 7
Let o be (0 - 2)/(-2)*4. Let u(v) = 6*v - 2. List the prime factors of u(o).
2, 11
Suppose 5*b - 88 = b. Suppose 6*f = f + 15. Suppose f = -n + b. What are the prime factors of n?
19
Suppose 0 = -2*p + a + 5 + 1, 4*a - 26 = -2*p. List the prime factors of p.
5
Suppose 0 = -4*r + 5*r - 76. What are the prime factors of r?
2, 19
Suppose -4*d = -15 - 1. Let n(q) = -q**3 + 6*q**2 + 2*q. List the prime factors of n(d).
2, 5
Suppose 5*l = 421 + 209. What are the prime factors of l?
2, 3, 7
Suppose 0 = a - 2*g - 67, -4*a - 30 = -2*g - 316. List the prime factors of a.
73
Suppose 2*u - 34 = 34. List the prime factors of u.
2, 17
Let t = -9 + 10. What are the prime factors of 0 - (-1 + t - 7)?
7
Suppose 3*q + y = 4*q - 26, -2*q + 3*y + 51 = 0. List the prime factors of q.
3
Let f = -12 - -8. What are the prime factors of 2/f - (-188)/8?
23
Suppose a + 9 = 3*k, -5*k + 4 = -2*a - 10. Suppose -3*r = x + 6, r + k*x = -4*r - 10. What are the prime factors of (r/(-6))/(2/30)?
5
Let f(m) = m**3 + 8*m**2 + 6*m + 3. Let x be f(-7). Suppose -4*o + x = 2. Suppose -2*j = -o, -j + 26 + 15 = 5*g. What are the prime factors of g?
2
Suppose -5*s - k - 1407 = 2*k, 5*s + 5*k + 1405 = 0. List the prime factors of (-8)/40 - s/10.
2, 7
Let d(u) = -u**2 + 9*u - 12. Let n be d(9). Let a(l) = -l**2 - 14*l + 4. What are the prime factors of a(n)?
2, 7
Let a = 25 - 15. Suppose 0 = 3*t + a - 22. List the prime factors of t.
2
Suppose -2*j - 2 = -5*f - 7, 2*j + 1 = -f. Let k be 0/(-2 - (-2 + f)). Suppose k*r - 3*r + 15 = 0. What are the prime factors of r?
5
Suppose 2*f = -4*f + 270. What are the prime factors of f?
3, 5
Let z be 8/(-6)*9/6. What are the prime factors of (4/z)/((-2)/17)?
17
Let c(s) = 5 - 5 - s**2 + 3*s**3 + 2*s + 0*s**3. List the prime factors of c(2).
2, 3
Let z(s) = -s**3 + 5*s**2 - 4*s + 3. Let c = -7 + 10. Let l be z(c). What are the prime factors of -2 - -3*12/l?
2
Let z be (((-3)/(-1))/(-3))/1. What are the prime factors of z - 2 - (-33 - 1)?
31
Let p = 9 - -2. Suppose -p - 5 = -4*u. Suppose -10 + 2 = -u*z. List the prime factors of z.
2
Suppose 3*f + 0 = 9. Suppose 0*j + 5*x + 10 = f*j, -j - 5*x + 30 = 0. List the prime factors of j.
2, 5
Let m = 13 + -19. Let u(r) = -r**3 - 9*r**2 + 3. Let o(k) = -k**3 - 8*k**2 + 4. Let x(z) = 3*o(z) - 2*u(z). What are the prime factors of x(m)?
2, 3
Let z(b) = 3*b**2 - 2*b - 1. Let f be z(-1). Suppose -f*d + d = 0. Suppose 0 = 4*a + 5*h - 7, -21 = -2*a - d*a + h. What are the prime factors of a?
2
Suppose h - 155 = 2*b - 7*b, -4*h + 712 = -3*b. What are the prime factors of h?
5, 7
Let a(q) = 94*q - 3. List the prime factors of a(1).
7, 13
Let o be ((-1)/2)/((-2)/12). Suppose 3*m - 5*j = 64, 4*m - m + o*j - 48 = 0. What are the prime factors of m?
2, 3
Suppose -2*r + 32 + 4 = 0. List the prime factors of r.
2, 3
Let g = -19 + 17. Let r(x) = -x**3 + x - 2. Let d be r(2). Let c = g - d. What are the prime factors of c?
2, 3
Suppose -i + 257 = -r, -9*i - 3*r = -11*i + 515. List the prime factors of i.
2
Let u(k) = k - 1. Let y(j) = -9*j**2 + 4*j - 3. Let q(n) = -2*u(n) + y(n). Let f be q(1). Let x = 14 + f. List the prime factors of x.
2, 3
Let m(j) = -j + 12. What are the prime factors of m(8)?
2
Suppose -143 = -r - 32. List the prime factors of r.
3, 37
Let t = 165 - 83. Suppose -t = -k - k. What are the prime factors of k?
41
Suppose 3*i + 2*n - 705 = 0, 2*n - 287 - 181 = -2*i. What are the prime factors of i?
3, 79
Let p be ((-20)/6)/((-12)/(-180)). Let v = 70 + p. What are the prime factors of v?
2, 5
Let i be (-6)/27 + 2/9. Suppose i = -5*x + 19 + 16. What are the prime factors of x?
7
Let z be ((-2)/6)/(2/(-42)). Suppose 5*w = -0*f - f + z, 5*f = -15. List the prime factors of (w + (0 - 0))*1.
2
Let k = -16 - -167. What are the prime factors of k?
151
Let j(p) = 3*p + 2. Let g(a) = 8*a + 6. Let q(m) = 4*g(m) - 11*j(m). Suppose -5*u - b - 29 = -4, 0 = 4*u + 4*b + 36. What are the prime factors of q(u)?
2, 3
Let g(k) = 3*k - 5 - 5*k - 7*k - 2*k**2 + k**2. List the prime factors of g(-4).
3, 5
Suppose -3*y - 3*b + 69 = 0, -y - b = -2*b - 19. List the prime factors of y.
3, 7
Let i(n) = 29*n - 5. What are the prime factors of i(2)?
53
Suppose 0 = -b - 4*n + 9, -3*b - 37 + 100 = 3*n. List the prime factors of b.
5
Suppose 3*j - 57 = 2*i + 50, -141 = -4*j + i. List the prime factors of j.
5, 7
What are the prime factors of ((-8)/(-10))/(2 + (-188)/95)?
2, 19
Suppose -5*h = 44 - 124. Let k = h + -12. List the prime factors of k.
2
Suppose 5*q + 30 = 5*p, -3*p + 3*q - 2*q + 14 = 0. Suppose -5*f = -3*t + 15, 0*t + p*f = -2*t + 32. List the prime factors of t.
2, 5
Let l = 5 + 1. Suppose -3*w = 4*a + 32, 3*w + 4*a + 28 = w. Let u = w + l. What are the prime factors of u?
2
Let v(k) = -3*k - 3. Let x be ((-2)/(-2))/((-2)/14). What are the prime factors of v(x)?
2, 3
Suppose 0*m = -16*m + 688. List the prime factors of m.
43
Let r = -3 - -2. What are the prime factors of 6*(2 + r/3)?
2, 5
Let f = 55 - -139. What are the prime factors of f?
2, 97
Let u(x) = 2*x**2 + 2*x. Let b be u(-2). Let p = b - 1. Suppose -p*l = -l - 38. List the prime factors of l.
19
Suppose 4 = 2*r + 2*m - 8, 0 = -3*r + 2*m + 8. Let g(k) = k - 3. Let y be g(9). Suppose r*s + 2*d = -2*d + 8, -5*d + y = 4*s. What are the prime factors of s?
2
What are the prime factors of (-259)/(-3) + (10/6 - 2)?
2, 43
Let a = 13 + -20. Let l(v) = -v - 5. List the prime factors of l(a).
2
Let a(k) = -k**2 - 7*k - 6. Let p be a(-6). Suppose t + t = p. Suppose t*u + 2*u = 6. What are the prime factors of u?
3
Let h = -18 + 30. Let n = 35 - h. What are the prime factors of n?
23
Let k = 9 + -17. Let n be (2 - -1) + (-10 - k). Suppose 0 = -u + n + 10. What are the prime factors of u?
11
Suppose 3*l + 5*o + 127 = 0, 3*l + 58 = l + 2*o. Let n = 70 + l. List the prime factors of n.
2, 3
Let y = 7 + -4. Suppose 14 = -5*t + y*u + 142, -5*u = t - 20. List the prime factors of t.
5
Suppose 4*p + 15*p - 4104 = 0. What are the prime factors of p?
2, 3
Suppose -k - 5*u = -2*k, 0 = -2*u. Let p(g) = g**2 - g - 24. Let r be p(k). What are the prime factors of 4/r + 37/6?
2, 3
Suppose z - 2*z = -3. Suppose -3*q + x + 4 = z*x, -4*x = -3*q - 8. Suppose 4*m + 5*l - 21 = 0, q*m + 3*m = -l + 13. List the prime factors of m.
2
Let q = -57 - -80. List the prime factors of q.
23
Suppose 68 + 27 = 5*c. What are the prime factors of c?
19
Suppose 5*o - 34 - 96 = 0. Suppose 3*g - h + 48 = 5, 0 = 3*g - 5*h + 23. Let u = g + o. List the prime factors of u.
2, 5
Suppose 3*q = 4*q + a, q - 5*a - 12 = 0. Suppose 4*c - 16 = -q*t, 0 = 2*t - 4*t - 4. List the prime factors of c.
5
Suppose -2*v = 5*p - 103, v = 5*p + 15 - 1. List the prime factors of v.
3, 13
Let u = -45 + 83. What are the prime factors of u?
2, 19
Suppose 6*x - 4*x = 18. What are the prime factors of x?
3
Let d(l) = 3*l**2 - 4*l - 4. Let n be d(4). Let a be (2/(-4))/(2/n). List the prime factors of 5/(105/(-18))*a.
2, 3
List the prime factors of (-4)/(-10) + (29568/15)/7.
2, 3, 47
Li